{"id":40,"date":"2015-01-04T17:34:06","date_gmt":"2015-01-04T17:34:06","guid":{"rendered":"http:\/\/hortusmusicalis.fr\/?page_id=40"},"modified":"2023-06-17T06:49:47","modified_gmt":"2023-06-17T06:49:47","slug":"lensemble-hortus-musicalis","status":"publish","type":"page","link":"https:\/\/hortusmusicalis.fr\/?page_id=40","title":{"rendered":"L&rsquo;ensemble Hortus Musicalis"},"content":{"rendered":"<p style=\"text-align: left;\"><strong>L&rsquo;Ensemble Hortus Musicalis<\/strong> a vu le jour en 1989, a l\u2019initiative de Jean-Luc Iffrig, le directeur artistique. En grand choeur tout comme en petites formations de solistes et d\u2019instrumentistes, les voix de chanteurs et d&rsquo;instrumentistes professionnels se m\u00ealent pour offrir au m\u00e9lomane un voyage pouvant aller de la Renaissance a l\u2019\u00e9poque contemporaine. Accueilli en r\u00e9sidence a l\u2019\u00e9glise Sainte-Aur\u00e9lie de Strasbourg, l\u2019ensemble n\u2019a de cesse d\u2019explorer un large r\u00e9pertoire comprenant des pi\u00e8ces baroques, classiques, romantiques, contemporaines etc., d\u2019inspiration profane ou religieuse, souvent mises en sc\u00e8ne lors des concerts. Anim\u00e9 par l\u2019envie de partager la musique vocale et instrumentale avec le plus grand nombre, l\u2019ensemble Hortus Musicalis s\u2019inscrit, depuis ses d\u00e9buts, dans une d\u00e9marche fid\u00e8le a trois grands principes :<\/p>\n<p>\u2022 La diffusion : Tout en restant fid\u00e8le a son public strasbourgeois, il cherche a se produire\u00a0au-del\u00e0 des grandes agglom\u00e9rations, notamment dans les petites communes du Grand Est,\u00a0o\u00f9 l\u2019offre de concerts classiques est moins importante.\u00a0\u2022 La d\u00e9couverte : Outre l\u2019exploration d\u2019oeuvres plus ou moins connues, l\u2019ensemble\u00a0n\u2019h\u00e9site pas a solliciter des compositeurs pour enrichir son programme avec des cr\u00e9ations\u00a0contemporaines.<br \/>\n\u2022 La p\u00e9dagogie : D\u00e8s que l\u2019occasion se pr\u00e9sente, l\u2019ensemble pr\u00e9sente et explique des\u00a0extraits de son r\u00e9pertoire a des classes des \u00e9coles \u00e9l\u00e9mentaires, coll\u00e8ges&#8230; et ouvre ses\u00a0r\u00e9p\u00e9titions aux \u00e9l\u00e8ves, a leurs enseignants et a leurs parents.<\/p>\n<p><strong>L&rsquo;Ensemble HORTUS MUSICALIS a particip\u00e9 a diff\u00e9rentes saisons et festivals<\/strong><br \/>\n\uf0b7 Musiques&amp;M\u00e9moires en Haute-Sa\u00f4ne<br \/>\n\uf0b7 Festivit\u00e9 du Passage du Mill\u00e9naire en la Cath\u00e9dr\u00e2le de Strasbourg<br \/>\n\uf0b7 Festival d&rsquo;Arts Sacr\u00e9s de Saverne<br \/>\n\uf0b7 Festival Sacr\u00e9es Journ\u00e9es de Strasbourg<br \/>\n\uf0b7 Renaissance des Orgues a Saint-Etienne<br \/>\n\uf0b7 Orgelsommer Neustadt-an-der-Weintrasse (D)<br \/>\n\uf0b7 Saison musicale du Consistoire de Barr<br \/>\n\uf0b7 Saison des Concerts autour de l&rsquo;orgue Silbermann de Marmoutier<br \/>\n\uf0b7 Les Musicales de SOULTZ (68)<br \/>\n\uf0b7 Festival d&rsquo;orgue a Auxi-le-Ch\u00e2teau (59)<br \/>\n\uf0b7 Festival \u00ab\u00a0Voce&amp;Organo\u00a0\u00bb ORO-LE-GRAND (Belgique)<br \/>\n\uf0b7 Festival Internationnal d\u2019Orgue de Vilikyskiai (Lituanie)<br \/>\n\uf0b7 Festival \u00ab\u00a0L&rsquo;heure de l&rsquo;orgue\u00a0\u00bb EMBRUN<br \/>\n<span style=\"font-size: 12pt;\">\uf0b7 &#8230;<\/span><\/p>\n<p><strong>R\u00e9pertoire :<\/strong><br \/>\nRoland de LASSUS (1532-1594) : Suzanne un jour<br \/>\nLeonhard LECHNER (1553-1606) : Motets<br \/>\nClaudio MONTEVERDI (1567-1643) : Madrigaux (La Sestira, Lamento d\u2019Ariane)<br \/>\nHeinrich SCHUTZ (1585-1672) : Passion selon Saint Matthieu<br \/>\nSamuel CAPRICORNUS (1628-1665) : Geistliche Konzerte<br \/>\nMarc-Antoine CHARPENTIER (1643-1704) : Pastorale de Noel<br \/>\nJean-S\u00e9bastien BACH (1685-1750) : Cantates, Motets, Magnifcat<br \/>\nGiovanni Battista PERGOLESE (1710-1736) : Stabat Mater<br \/>\nSCHUBERTIADES : Choeurs et Lieder de MENDELSSOHN, SCHUBERT, SCHUMAN,BRAHMS<br \/>\nJosef RHEINBERGER (1839-1901) : Marien Lieder<br \/>\nJean-Christophe ROSAZ : Cantate (Cr\u00e9ation 2015)<br \/>\nG\u00e9rard HILPIPRE : Musikalische Exequien (Cr\u00e9ation 2017)<br \/>\nFran\u00e7ois COUPERIN : Le\u00e7ons de T\u00e9n\u00e8bres<br \/>\nHenry PURCELL : Fun\u00e9railles de la Reine et Anniversaire de la Reine<br \/>\nGeorg Friedrich HAENDEL : Dixit Dominus<br \/>\nIvan SOLANO : Ha\u00efku (cr\u00e9ation 2019)<br \/>\nFran\u00e7ois ROSSE : ERD&rsquo;ZEIT (Cr\u00e9ation en Lituanie juillet 2022)<\/p>\n<p>&nbsp;<\/p>\n","protected":false},"excerpt":{"rendered":"<p>L&rsquo;Ensemble Hortus Musicalis a vu le jour en 1989, a l\u2019initiative de Jean-Luc Iffrig, le directeur artistique. En grand choeur tout comme en petites formations de solistes et d\u2019instrumentistes, les<a href=\"https:\/\/hortusmusicalis.fr\/?page_id=40\" class=\"more-link\"><span class=\"readmore\">Continue reading<span class=\"screen-reader-text\">L&rsquo;ensemble Hortus Musicalis<\/span><\/span><\/a><\/p>\n","protected":false},"author":1,"featured_media":0,"parent":0,"menu_order":0,"comment_status":"closed","ping_status":"closed","template":"","meta":{"footnotes":""},"class_list":["post-40","page","type-page","status-publish","hentry"],"_links":{"self":[{"href":"https:\/\/hortusmusicalis.fr\/index.php?rest_route=\/wp\/v2\/pages\/40","targetHints":{"allow":["GET"]}}],"collection":[{"href":"https:\/\/hortusmusicalis.fr\/index.php?rest_route=\/wp\/v2\/pages"}],"about":[{"href":"https:\/\/hortusmusicalis.fr\/index.php?rest_route=\/wp\/v2\/types\/page"}],"author":[{"embeddable":true,"href":"https:\/\/hortusmusicalis.fr\/index.php?rest_route=\/wp\/v2\/users\/1"}],"replies":[{"embeddable":true,"href":"https:\/\/hortusmusicalis.fr\/index.php?rest_route=%2Fwp%2Fv2%2Fcomments&post=40"}],"version-history":[{"count":13,"href":"https:\/\/hortusmusicalis.fr\/index.php?rest_route=\/wp\/v2\/pages\/40\/revisions"}],"predecessor-version":[{"id":1112,"href":"https:\/\/hortusmusicalis.fr\/index.php?rest_route=\/wp\/v2\/pages\/40\/revisions\/1112"}],"wp:attachment":[{"href":"https:\/\/hortusmusicalis.fr\/index.php?rest_route=%2Fwp%2Fv2%2Fmedia&parent=40"}],"curies":[{"name":"wp","href":"https:\/\/api.w.org\/{rel}","templated":true}]}}